{"id":233,"date":"2022-05-14T16:23:52","date_gmt":"2022-05-14T16:23:52","guid":{"rendered":"https:\/\/misvestidoscdmx.com\/?post_type=product&#038;p=233"},"modified":"2024-05-10T23:47:33","modified_gmt":"2024-05-11T05:47:33","slug":"vestido-novia-corte-a-ivory","status":"publish","type":"product","link":"https:\/\/misvestidoscdmx.com\/index.php\/product\/vestido-novia-corte-a-ivory\/","title":{"rendered":"VESTIDO NOVIA CORTE A IVORY"},"content":{"rendered":"<p><a href=\"https:\/\/bestuhren.de\/\">bestuhren.de<\/a>\u00a0geht \u00fcber die Erschwinglichkeit hinaus, indem sie einen makellosen Kundenservice bietet und sich damit als vertrauensw\u00fcrdige Quelle f\u00fcr Replik-Uhren und als ideale Wahl f\u00fcr den deutschen Markt etabliert.<\/p>\n<p>You can buy\u00a0<a href=\"https:\/\/fontwatches.com\/\">cheap replica watches<\/a>\u00a0of high quality at a discount, 70% OFF &amp; Free Shipping.<\/p>\n<p>Buy on\u00a0<a href=\"https:\/\/clubwatches.uk\/\">clubwatches.uk<\/a>\u00a0to enjoy a quick order, and receive your Hot Sale luxury Replica Rolex Watches 70% off at home as soon as possible!<\/p>\n","protected":false},"excerpt":{"rendered":"<p>bestuhren.de\u00a0geht \u00fcber die Erschwinglichkeit hinaus, indem sie einen makellosen Kundenservice bietet und sich damit als vertrauensw\u00fcrdige Quelle f\u00fcr Replik-Uhren und als ideale Wahl f\u00fcr den deutschen Markt etabliert. You can buy\u00a0cheap replica watches\u00a0of high quality at a discount, 70% OFF &amp; Free Shipping. Buy on\u00a0clubwatches.uk\u00a0to enjoy a quick order, and receive your Hot Sale luxury [&hellip;]<\/p>\n","protected":false},"featured_media":234,"comment_status":"open","ping_status":"closed","template":"","meta":{"om_disable_all_campaigns":false,"_mi_skip_tracking":false},"product_cat":[19,21],"product_tag":[],"class_list":["post-233","product","type-product","status-publish","has-post-thumbnail","hentry","product_cat-vestidos","product_cat-novias"],"_links":{"self":[{"href":"https:\/\/misvestidoscdmx.com\/index.php\/wp-json\/wp\/v2\/product\/233","targetHints":{"allow":["GET"]}}],"collection":[{"href":"https:\/\/misvestidoscdmx.com\/index.php\/wp-json\/wp\/v2\/product"}],"about":[{"href":"https:\/\/misvestidoscdmx.com\/index.php\/wp-json\/wp\/v2\/types\/product"}],"replies":[{"embeddable":true,"href":"https:\/\/misvestidoscdmx.com\/index.php\/wp-json\/wp\/v2\/comments?post=233"}],"wp:featuredmedia":[{"embeddable":true,"href":"https:\/\/misvestidoscdmx.com\/index.php\/wp-json\/wp\/v2\/media\/234"}],"wp:attachment":[{"href":"https:\/\/misvestidoscdmx.com\/index.php\/wp-json\/wp\/v2\/media?parent=233"}],"wp:term":[{"taxonomy":"product_cat","embeddable":true,"href":"https:\/\/misvestidoscdmx.com\/index.php\/wp-json\/wp\/v2\/product_cat?post=233"},{"taxonomy":"product_tag","embeddable":true,"href":"https:\/\/misvestidoscdmx.com\/index.php\/wp-json\/wp\/v2\/product_tag?post=233"}],"curies":[{"name":"wp","href":"https:\/\/api.w.org\/{rel}","templated":true}]}}